{"id":7,"date":"2019-12-24T09:19:02","date_gmt":"2019-12-24T08:19:02","guid":{"rendered":"https:\/\/www.kunstnerinnen.no\/?page_id=7"},"modified":"2023-10-17T09:19:55","modified_gmt":"2023-10-17T07:19:55","slug":"om-oss","status":"publish","type":"page","link":"https:\/\/www.kunstnerinnen.no\/?page_id=7","title":{"rendered":"Om Kunsterinnen"},"content":{"rendered":"\n<p style=\"font-size:42px\"><strong>CV<\/strong><\/p>\n\n\n\n<p><strong>Anne Stokker Sagen<\/strong>, f\u00f8dt 1960 er bosatt i Gjerdrum kommune. Hun har fullf\u00f8rt 3 \u00e5r ved Oslo kunstfagskole og viser her et utvalg av arbeider fra denne perioden og frem til i dag.<br> <strong>Utdannelse: <\/strong><br>Atelier &#8211; Veiledning ved Markus Brendmoe 2017-2023<br>Atelier &#8211; Veiledning ved Dang van Ty 2014-2017<br>Grafikk &#8211; Internasjonale kurs ved Kusth\u00f8yskolen i Holb\u00e6k v\/Julia Farrer 2011-2012<br>Grafikk &#8211; Grafikkurs ved Morten Magnus 1986<br>Videreutdanning i Billedterapi (H\u00f8gskolen i Oslo) 2007-2009<br>3 \u00e5rig Oslo Kunstfagskole&nbsp; NISS 2002-05<br>HIAK-Helses\u00f8ster&nbsp; 1993-94<br>Aker-Sykepleierh\u00f8yskole 1982-85<\/p>\n\n\n\n<p><strong>Faste Utstillinger:<\/strong><br> Kringler Gjesteg\u00e5rd<\/p>\n\n\n\n<p><strong>Utstillinger: <\/strong><br>Kulturukene Gjerdrum kommune 2023<br>\u00d8stlandsutstillingen 2015 Kiel Tyskland januar-mars 2016<br> \u00d8stlandsutstillingen 2015 Oslo juni-juli 2015<br> Lions Kunstutstillingen Nordstrand 2015, 2014, 2013, 2012, 2011<br> Gjerdrum Kommune, Fj\u00f8sloftet Sandum 2014, 2013, 2012, 2011<br> Romeriksutstillingen, Ullensaker, L\u00f8renskog og Nes kunstforening 2023, 2022, 2019,2016, 2015, 2014, 2011, 2005, 2003, 1989, 1988, 1984, 1982<br> Brunvall g\u00e5rd Stavern 2011<br> Galleri Eikelunden Oslo 2012<br> Felles utstilling i Nes kunstforening 2009- &laquo;9 kvinner i Galleriet&raquo;<br> Utstilling Galleri Eikeberg Gjerdrum 2010, 2007.<br> Utstilling Gjeri meieri 2007<br> Utstilling Jessum stasjon Ullensaker 2006<\/p>\n\n\n\n<p>Galleri Eikeberg Gjerdrum, Utstilling sammen med Simon Flem Devold 2005<br> Fellesutstilling i Export Finans Oslo 1999, 2002, 2003<br> Fellesutstilling Ullensaker Kunstforening, 2001<br> Separatutstilling&nbsp; Gjerm\u00e5 E- Verk, Ullensaker Kunstforening 1996-97<br> Fellesutstilling Jevnaker R\u00e5dhus, 1988<\/p>\n\n\n\n<p><strong>Innkj\u00f8pt:<\/strong> <br> Plantax AS 2016 Utsmykning Kriminalomsorgens h\u00f8gskole og utdanningssenter KRUS<br> Plantax AS 2011<br> Huser entrepen\u00f8r 2009<br> Oslo Kunstfagskole\/NISS 2005<br> Norsk Sykepleierforbund 2005<br> Ullensaker Menighetsr\u00e5d, 1999<br> Utsmykning:&nbsp; Solar, Gardermoen n\u00e6ringspark&nbsp;2004<br> Tannhelsetjenesten, \u00f8vre Romerike, 2003<br> Lillestr\u00f8m-klinikken, voksenpsykiatri, 1998<br> Kringler Gjesteg\u00e5rd 2002, 2009<br> Jessheim-klinikken, Voksenpsykiatri, 2001<br> Gjerdrum kommune 1985, 1988, 1989, 2003, 2006, 2007<br> Illustrasjon av informasjonsmateriale for helseavd. Skedsmo kommune 2007.<br> Illustrasjon av kultur-og fornminnekatalog for Gjerdrum Kommune, 1996<\/p>\n\n\n\n<p><strong>Medeier:<\/strong> <br> Verkstedene Gjeri Meieri -Galleri R\u00e5melken 2001-2004<\/p>\n\n\n\n<p>J<strong>urierte utstillinger:<\/strong>   <br> \u00d8stlandsutstillingen 2015-2016<br> Romeriksutstillingen: Ullensaker, L\u00f8renskog og Nes kunstforening 2022, 2019, 2018, 2016, 2015, 2014, 2011, 2005, 2003, 1989, 1988, 1984, 1982.<\/p>\n","protected":false},"excerpt":{"rendered":"<p>CV Anne Stokker Sagen, f\u00f8dt 1960 er bosatt i Gjerdrum kommune. Hun har fullf\u00f8rt 3 \u00e5r ved Oslo kunstfagskole og viser her et utvalg av arbeider fra denne perioden og frem til i dag. Utdannelse: Atelier &#8211; Veiledning ved Markus Brendmoe 2017-2023Atelier &#8211; Veiledning ved Dang van Ty 2014-2017Grafikk &#8211; Internasjonale kurs ved Kusth\u00f8yskolen i [&hellip;]<\/p>\n","protected":false},"author":1,"featured_media":0,"parent":0,"menu_order":0,"comment_status":"closed","ping_status":"closed","template":"","meta":{"ngg_post_thumbnail":0,"footnotes":""},"_links":{"self":[{"href":"https:\/\/www.kunstnerinnen.no\/index.php?rest_route=\/wp\/v2\/pages\/7"}],"collection":[{"href":"https:\/\/www.kunstnerinnen.no\/index.php?rest_route=\/wp\/v2\/pages"}],"about":[{"href":"https:\/\/www.kunstnerinnen.no\/index.php?rest_route=\/wp\/v2\/types\/page"}],"author":[{"embeddable":true,"href":"https:\/\/www.kunstnerinnen.no\/index.php?rest_route=\/wp\/v2\/users\/1"}],"replies":[{"embeddable":true,"href":"https:\/\/www.kunstnerinnen.no\/index.php?rest_route=%2Fwp%2Fv2%2Fcomments&post=7"}],"version-history":[{"count":9,"href":"https:\/\/www.kunstnerinnen.no\/index.php?rest_route=\/wp\/v2\/pages\/7\/revisions"}],"predecessor-version":[{"id":3266,"href":"https:\/\/www.kunstnerinnen.no\/index.php?rest_route=\/wp\/v2\/pages\/7\/revisions\/3266"}],"wp:attachment":[{"href":"https:\/\/www.kunstnerinnen.no\/index.php?rest_route=%2Fwp%2Fv2%2Fmedia&parent=7"}],"curies":[{"name":"wp","href":"https:\/\/api.w.org\/{rel}","templated":true}]}}

<p style="font-size:42px"><strong>CV</strong></p>



<p><strong>Anne Stokker Sagen</strong>, født 1960 er bosatt i Gjerdrum kommune. Hun har fullført 3 år ved Oslo kunstfagskole og viser her et utvalg av arbeider fra denne perioden og frem til i dag.<br> <strong>Utdannelse: </strong><br>Atelier &#8211; Veiledning ved Markus Brendmoe 2017-2023<br>Atelier &#8211; Veiledning ved Dang van Ty 2014-2017<br>Grafikk &#8211; Internasjonale kurs ved Kusthøyskolen i Holbæk v/Julia Farrer 2011-2012<br>Grafikk &#8211; Grafikkurs ved Morten Magnus 1986<br>Videreutdanning i Billedterapi (Høgskolen i Oslo) 2007-2009<br>3 årig Oslo Kunstfagskole&nbsp; NISS 2002-05<br>HIAK-Helsesøster&nbsp; 1993-94<br>Aker-Sykepleierhøyskole 1982-85</p>



<p><strong>Faste Utstillinger:</strong><br> Kringler Gjestegård</p>



<p><strong>Utstillinger: </strong><br>Kulturukene Gjerdrum kommune 2023<br>Østlandsutstillingen 2015 Kiel Tyskland januar-mars 2016<br> Østlandsutstillingen 2015 Oslo juni-juli 2015<br> Lions Kunstutstillingen Nordstrand 2015, 2014, 2013, 2012, 2011<br> Gjerdrum Kommune, Fjøsloftet Sandum 2014, 2013, 2012, 2011<br> Romeriksutstillingen, Ullensaker, Lørenskog og Nes kunstforening 2023, 2022, 2019,2016, 2015, 2014, 2011, 2005, 2003, 1989, 1988, 1984, 1982<br> Brunvall gård Stavern 2011<br> Galleri Eikelunden Oslo 2012<br> Felles utstilling i Nes kunstforening 2009- &laquo;9 kvinner i Galleriet&raquo;<br> Utstilling Galleri Eikeberg Gjerdrum 2010, 2007.<br> Utstilling Gjeri meieri 2007<br> Utstilling Jessum stasjon Ullensaker 2006</p>



<p>Galleri Eikeberg Gjerdrum, Utstilling sammen med Simon Flem Devold 2005<br> Fellesutstilling i Export Finans Oslo 1999, 2002, 2003<br> Fellesutstilling Ullensaker Kunstforening, 2001<br> Separatutstilling&nbsp; Gjermå E- Verk, Ullensaker Kunstforening 1996-97<br> Fellesutstilling Jevnaker Rådhus, 1988</p>



<p><strong>Innkjøpt:</strong> <br> Plantax AS 2016 Utsmykning Kriminalomsorgens høgskole og utdanningssenter KRUS<br> Plantax AS 2011<br> Huser entrepenør 2009<br> Oslo Kunstfagskole/NISS 2005<br> Norsk Sykepleierforbund 2005<br> Ullensaker Menighetsråd, 1999<br> Utsmykning:&nbsp; Solar, Gardermoen næringspark&nbsp;2004<br> Tannhelsetjenesten, øvre Romerike, 2003<br> Lillestrøm-klinikken, voksenpsykiatri, 1998<br> Kringler Gjestegård 2002, 2009<br> Jessheim-klinikken, Voksenpsykiatri, 2001<br> Gjerdrum kommune 1985, 1988, 1989, 2003, 2006, 2007<br> Illustrasjon av informasjonsmateriale for helseavd. Skedsmo kommune 2007.<br> Illustrasjon av kultur-og fornminnekatalog for Gjerdrum Kommune, 1996</p>



<p><strong>Medeier:</strong> <br> Verkstedene Gjeri Meieri -Galleri Råmelken 2001-2004</p>



<p>J<strong>urierte utstillinger:</strong>   <br> Østlandsutstillingen 2015-2016<br> Romeriksutstillingen: Ullensaker, Lørenskog og Nes kunstforening 2022, 2019, 2018, 2016, 2015, 2014, 2011, 2005, 2003, 1989, 1988, 1984, 1982.</p>

<p>CV Anne Stokker Sagen, født 1960 er bosatt i Gjerdrum kommune. Hun har fullført 3 år ved Oslo kunstfagskole og viser her et utvalg av arbeider fra denne perioden og frem til i dag. Utdannelse: Atelier &#8211; Veiledning ved Markus Brendmoe 2017-2023Atelier &#8211; Veiledning ved Dang van Ty 2014-2017Grafikk &#8211; Internasjonale kurs ved Kusthøyskolen i [&hellip;]</p>
